hat is the value of 44 + -46 + (2 - (0 - -1))?
-1
(1 + 4 - (2 + 5)) + -4
-6
Evaluate -23 - -19 - (-1 + 0).
-3
What is the value of 0 - (-2 + (-1 - -1))?
2
11 + 0 + -8 + 2 + 4
9
Calculate 3 + 1 + 89 + -99.
-6
What is the value of 0 + -1 + -2 + 4 + 0?
1
Calculate (15 - 10) + 5 + -6 + -6.
-2
Calculate 3 - (-2 + 0 + 2 + 0).
3
Calculate -3 + 0 - (-1 - -4) - -3.
-3
Calculate -134 + 136 - (4 - 0).
-2
What is (-7 - -5) + (1 - (-2 - 2))?
3
Calculate -12 - -5 - (1 - 7).
-1
What is -2 - -2 - 1 - (-4 + -1)?
4
Calculate (11 - -4 - 2) + (-2 - 3).
8
-5 - (-5 + 9 + -6)
-3
3 + (-6 - (2 - (0 - -2)))
-3
Calculate -2 + (-3 - -1) - -3 - -4.
3
Calculate -5 - -4 - (-5 + 1).
3
4 + (-3 - -1) + 2
4
What is the value of ((7 - 4) + -3 - -3) + 4?
7
Calculate -12 + 14 - (1 + -1 + 2).
0
Evaluate -6 - 3 - (7 - 14).
-2
Evaluate 0 + -1 - (2 + -4 - -2).
-1
Evaluate -8 + 8 + 4 + (3 - 2).
5
Evaluate (5 + (-6 - 11) - -8) + -2.
-6
What is the value of (5 + 0 - 5) + 5?
5
Calculate 4 - (1 - -3) - -1.
1
Evaluate 4 + 1 + -1 + (1 - 0).
5
Evaluate -7 + 8 + 9 + -3.
7
Evaluate 2 - (0 - -2 - 4).
4
0 + 8 + -11 + 8 + 0
5
3 - 1 - 3 - (1 - -1)
-3
What is the value of -15 - (-8 - (-2 + (8 - 8)))?
-9
What is the value of -6 + 4 + 2 + -2?
-2
-1 + (4 - (-4 + 4) - 3)
0
What is (3 - (-3 - -5)) + -3?
-2
Calculate 2 - (5 - 2 - -4).
-5
What is the value of -4 - (2 - (3 + -2))?
-5
Evaluate 1 - ((-4 - (4 + -6)) + 3).
0
Calculate -3 + 1 + 4 - 2.
0
What is 4 + (0 - 1) - (-2 - 0)?
5
What is 4 + (-3 - -10 - 16)?
-5
Calculate (3 - 2) + -4 + -1 + -2.
-6
-4 + 7 - 4 - (1 + -3)
1
Evaluate 6 - (26 + -11 + 3 - 8).
-4
Evaluate 5 + 0 + (0 - 3).
2
What is the value of 0 - (3 + -2 - -2 - 6)?
3
-12 + 15 - (2 + (2 - -2))
-3
Evaluate 11 - (20 - (11 + 0)).
2
What is 0 - (-4 + -4 + -7 + 7)?
8
Calculate 7 + -14 - -1 - (-3 + -2).
-1
Evaluate -2 - -8 - (-3 - -7).
2
What is -85 - -94 - (0 + 7 + -2)?
4
Evaluate (4 + -11 + 4 - -8) + -4.
1
3 - 1 - (-23 + 21)
4
What is -7 + (2 - -11) + 0?
6
(17 - 1) + -5 + -14
-3
What is (-11 - -15) + (0 - 5) + -5?
-6
Calculate 3 + -2 + 2 - 0 - 4.
-1
What is (7 - -1) + (-26 - -20)?
2
What is -10 - -5 - (2 - (8 - 4))?
-3
Evaluate -4 + 5 + 4 + 0.
5
What is the value of 4 - (14 + -9 - 8)?
7
-11 + 8 + -3 - -2
-4
What is the value of 4 - (5 + (14 - 8))?
-7
What is -4 - ((-14 - -10) + 0 + 1)?
-1
Evaluate (1 - -1) + (-7 - -6) + 3.
4
What is 4 + (0 + -1 - 1)?
2
(10 - -1) + -41 + 37
7
What is the value of -4 + 6 + 3 + -2?
3
What is 14 + -7 + -4 + 0?
3
What is 9 + -4 + 9 + (8 - 11)?
11
Calculate (0 - -1) + 2 + 1.
4
What is the value of -2 + (-3 - -5) + -1?
-1
Evaluate -6 + 0 + 3 + 7 - -2.
6
-6 - ((-3 - 4 - -3) + 3)
-5
19 + -10 + -1 + -5
3
Evaluate 2 + (3 - (-6 + 1)) - 6.
4
Evaluate -2 - -6 - 7 - -4.
1
Calculate 3 - (-5 + 10) - (-2 + -2).
2
Calculate -3 + (-1 - (-4 - -2)).
-2
What is 4 + -9 + (0 - (-1 - -1))?
-5
What is the value of 3 + -9 + 7 + (-1 - -1)?
1
Calculate 16 + -19 - (5 + -1) - -2.
-5
Calculate -2 + 4 + (3 - 8 - 0).
-3
Calculate -2 + 5 + -6 - -8.
5
Calculate 13 - (9 + -6 + 5).
5
What is the value of 3 - (6 - 5) - 4?
-2
What is the value of -1 - (-4 + 5) - (4 + 1)?
-7
Evaluate 3 + -2 + -1 + (-2 - 1).
-3
-2 + -2 + (-2 - -4)
-2
(4 - (1 + -2 + 5)) + -1
-1
Evaluate 1 + (-3 + 1 - 2) + -1.
-4
What is the value of 8 + -11 + 0 + (1 - -6)?
4
What is the value of 4 + (-6 + 2 - -4)?
4
Calculate (-6 - -13) + (-3 - 3) + 2.
3
Calculate (19 - 19) + (-2 - -12 - 5).
5
Calculate 1 - 4 - (1 - -3) - -3.
-4
What is the value of 2 + (-5 - (9 + -5))?
-7
What is the value of 4 - (-4 - (-9 - 0)) - 6?
-7
Calculate 5 + (2 - (0 - -10)).
-3
Evaluate -1 - ((9 - 5) + -4).
-1
What is the value of 5 + (-3 - (-2 - 0))?
4
-1 - (1 - -6 - (33 + -33))
-8
Calculate -6 + -3 + 2 + 4 + 1.
-2
Evaluate (1 + (3 - 3) - 4) + -2.
-5
What is 2 - ((-4 + -4 - -4) + 4)?
2
What is (0 - (5 + -7)) + (-6 - 1)?
-5
Calculate 0 + 3 - (-3 + 6) - 0.
0
1 + -1 - (-39 + 36)
3
-3 - (-5 - (0 + (0 - -1)))
3
What is the value of -5 + 1 + 0 + (-9 - -3)?
-10
(-16 - 11) + 9 - -10
-8
What is (-8 - -7) + (6 - 0)?
5
What is the value of 1 + 6 - (16 + -12) - 1?
2
What is -6 + (6 - 0 - 3) + -4?
-7
What is the value of -3 - (-1 - 8) - 3 - 1?
2
What is (0 + 4 - (1 + -3)) + -14?
-8
Evaluate (-4 - -9) + -9 + 1 - 2.
-5
What is -3 + 4 + 3 + 0?
4
What is the value of (2 - -1 - 3) + 1 + -1?
0
What is the value of (3 + 9 - 3) + -6?
3
What is -1 + (-1 - (0 + -1) - 2)?
-3
Calculate -4 - -5 - 6 - 0.
-5
5 + -8 - (0 + 0)
-3
What is the value of (-16 - -13 - (-1 - 6)) + -4?
0
What is the value of (7 - 3 - 20) + 2 + 4?
-10
Evaluate -3 - (-5 - (-4 + 7)).
5
-6 - (-1 + 3 + -4 + -1)
-3
Evaluate -1 - (2 + 0 + -2 + -6).
5
What is (2 - 9) + (-1 - -2 - -1)?
-5
(12 - 1 - 7) + -9
-5
What is 0 + 5 + -12 + 9?
2
Calculate -2 - (-6 - (-3 - 0) - -4).
-3
(-3 + -29 - -7 - -8) + 8
-9
What is (-2 - 3 - 2) + 5?
-2
What is (-7 - (-7 + 7)) + 1?
-6
Evaluate (-2 - -10) + -5 - (-2 - -2).
3
What is the value of 41 + -38 + 0 + 2 - 3?
2
What is (3 - (-4 + 1)) + -8?
-2
Evaluate -4 - (5 - (5 - 1)) - 0.
-5
-3 - (3 + -1 - 7) - 7
-5
Evaluate -4 + (5 + -8 - (2 + -10)).
1
What is (-2 + (1 - 0) - 2) + -2?
-5
-8 + -1 + (-11 - -15 - 0)
-5
(-2 - -1) + -4 + (-9 - -9)
-5
Calculate 102 - 103 - (8 + 1 + -2).
-8
What is 4 - 7 - (-13 + 10)?
0
What is the value of 4 + -9 + -1 + 12?
6
Calculate 4 + 6 + -6 - 3.
1
What is 12 - (2 + 1) - (5 + 1)?
3
Calculate 1 + (2 + -1 - 3).
-1
Evaluate 4 - ((6 - 3) + -1 - 0).
2
4 + 3 + -9 + 1
-1
(2 - -7) + 0 + -6
3
Evaluate 4 + (-7 - (-3 + 0 + -1)).
1
5 - 2 - (-5 - -11) - -2
-1
Evaluate 2 - 5 - -6 - 6.
-3
Evaluate 12 + 2 + -1 + -24.
-11
-1 - -6 - (9 + -3)
-1
10 + -25 + 16 - (5 - 0)
-4
(2 - 1) + (0 - -4)
5
Calculate (-1 - (4 - -1)) + 1.
-5
What is 0 + -3 + 1 + 4?
2
Evaluate 6 - (4 - (4 + 2) - -6).
2
What is the value of 11 - 7 - (0 + 1)?
3
What is -2 + (-5 - -5) + 3?
1
What is 5 + (-7 + 5 - 2)?
1
-4 + 6 - 0 - -2
4
What is the value of -1 + (1 - -10 - 6)?
4
Evaluate 4 - (3 + -4) - 0.
5
Calculate 0 - -2 - 4 - 2 - -4.
0
What is the value of 5 - (2 + 2 - (-1 + 4))?
4
Calculate 0 - (7 + 5 + -6).
-6
What is the value of (3 - 6) + (-3 - -14 - 3)?
5
Calculate 2 + 0 - ((2 - 4) + -1).
5
2 - (9 + -3) - -9
5
What is 3 - (-7 + 8 + (-2 - -1))?
3
What is the value of 8 - (6 - 8 - (-5 + -1))?
4
Evaluate -6 - (-3 - -4) - -3.
-4
What is (-5 - -4) + 2 + -4?
-3
-1 + (-7 + 0 - -2 - -5)
-1
What is the value of 0 - -2 - (13 - 11)?
0
What is -1 - (0 - (-4 + (8 - 4)))?
-1
Calculate -3 - ((1 - 3) + (1 - -2)).
-4
What is the value of -12 + 12 + -2 + 1 + 0?
-1
0 + 0 - 1 - -5
4
What is 5 - (-2 + 5) - -7?
9
Evaluate -3 - (-1 + 5 + -8).
1
Calculate (-5 - -7) + 2 + -3.
1
-1 + (0 - 0) + 1 + 1
1
5 + 2 + -6 + 3 - 0
4
What is (1 + -4 - (2 - 6)) + -3?
-2
Calculate 2 - 11 - (-5 + -1).
-3
Evaluate -4 + (-3 - 0) + (-2 - -8).
-1
What is the value of 6 + 18 + -20 + (1 - 1)?
4
1 - ((-36 - -35) + 0 + -1)
3
What is the value of 1 + -2 - (-23 + 16)?
6
What is -9 - -1 - (-17 + 10)?
-1
What is the value of -3 - (0 + 0 - (-5 - -2))?
-6
What is the value of -6 + (-1 - -12 - (-14 - -18))?
1
Evaluate 2 + -4 + 7 + -2.
3
Calculate (2 - -18) + (-29 - -17).
8
Calculate -2 - -1 - -3 - 4.
-2
Calculate -7 - (-15 - -12 - (-3 + 4)).
-3
6 + (-11 - -6) + 0
1
What is the value of 5 + (-2 - 3) + -1 + 2?
1
What is 1 - 8 - (6 + (7 - 13))?
-7
What is 0 + 7 + -4 + 1 + -2?
2
Evaluate 3 + -5 + -1 - -5.
2
Calculate -8 + 5 + 9 - 1.
5
Calculate 1 + -7 + (6 - 13) + 10.
-3
Evaluate 2 - (-4 + (4 - 2)).
4
Evaluate -1 + -6 + 30 + -15.
8
Calculate -11 - (-11 + -7 + 12).
-5
Calculate 0 - -4 - (11 - 8).
1
What is (2 - 3) + 4 + -1?
2
(-12 + 0 - -1) + 7
-4
Evaluate 5 - ((-16 - -23) + (-6 - -2)).
2
What is (4 - (-6 + 8) - 0) + -1?
1
What is -2 - (5 + (-2 + 5 - 5))?
-5
Evaluate 4 - 0 - (-22 + 22).
4
What is the value of 23 + -23 - (2 + -3 - 2)?
3
Evaluate 26 + -26 - (-1 - 0).
1
Calculate -2 + (8 + -4 - 1).
1
(-16 - -11 - -7) + 6
8
2 - (-2 + 7 + 2)
-5
Calculate (-1 + 3 - 6 - 0) + 1.
-3
-10 - 11 - -17 - (0 - -2)
-6
What is the value of 11 + -2 + (5 - 6 - 3)?
5
What is -1 - (0 + (0 - -2))?
-3
What is the value of 3 - -2 - (-7 - (-9 - -1))?
4
What is 6 + 7 + -3 + -5 - 2?
3
-4 + -6 + 3 + 3 + 1
-3
What is -1 + (23 - 28 - (-2 + 0))?
-4
Calculate 23 + -34 + 10 + -1.
-2
What is -9 + 20 + -17 + 6?
0
What is the value of 1 + 5 - (6 + -3)?
3
Evaluate (-6 - -3 - 4) + 4.
-3
What is the value of 7 